[INFO] cloning repository https://github.com/RendleLabs/tomlgen
[INFO] running `Command { std: "git" "-c" "credential.helper=" "-c" "credential.helper=/workspace/cargo-home/bin/git-credential-null" "clone" "--bare" "https://github.com/RendleLabs/tomlgen" "/workspace/cache/git-repos/https%3A%2F%2Fgithub.com%2FRendleLabs%2Ftomlgen", kill_on_drop: false }`
[INFO] [stderr] Cloning into bare repository '/workspace/cache/git-repos/https%3A%2F%2Fgithub.com%2FRendleLabs%2Ftomlgen'...
[INFO] running `Command { std: "git" "rev-parse" "HEAD", kill_on_drop: false }`
[INFO] [stdout] dbbd1ad7ff5d5a465a61a844e9192e4cc15aab40
[INFO] checking RendleLabs/tomlgen against try#72f88fc4e9458f89516a0b8b0868f3718aec5b47 for pr-74989
[INFO] running `Command { std: "git" "clone" "/workspace/cache/git-repos/https%3A%2F%2Fgithub.com%2FRendleLabs%2Ftomlgen" "/workspace/builds/worker-9/source", kill_on_drop: false }`
[INFO] [stderr] Cloning into '/workspace/builds/worker-9/source'...
[INFO] [stderr] done.
[INFO] validating manifest of git repo https://github.com/RendleLabs/tomlgen on toolchain 72f88fc4e9458f89516a0b8b0868f3718aec5b47
[INFO] running `Command { std: "/workspace/cargo-home/bin/cargo" "+72f88fc4e9458f89516a0b8b0868f3718aec5b47" "read-manifest" "--manifest-path" "Cargo.toml", kill_on_drop: false }`
[INFO] started tweaking git repo https://github.com/RendleLabs/tomlgen
[INFO] finished tweaking git repo https://github.com/RendleLabs/tomlgen
[INFO] tweaked toml for git repo https://github.com/RendleLabs/tomlgen written to /workspace/builds/worker-9/source/Cargo.toml
[INFO] crate git repo https://github.com/RendleLabs/tomlgen already has a lockfile, it will not be regenerated
[INFO] running `Command { std: "/workspace/cargo-home/bin/cargo" "+72f88fc4e9458f89516a0b8b0868f3718aec5b47" "fetch" "--locked" "--manifest-path" "Cargo.toml", kill_on_drop: false }`
[INFO] [stderr] error: the lock file /workspace/builds/worker-9/source/Cargo.lock needs to be updated but --locked was passed to prevent this
[INFO] [stderr] If you want to try to generate the lock file without accessing the network, use the --offline flag.
[INFO] the lockfile is outdated, regenerating it
[INFO] running `Command { std: "/workspace/cargo-home/bin/cargo" "+72f88fc4e9458f89516a0b8b0868f3718aec5b47" "generate-lockfile" "--manifest-path" "Cargo.toml" "-Zno-index-update", kill_on_drop: false }`
[INFO] running `Command { std: "/workspace/cargo-home/bin/cargo" "+72f88fc4e9458f89516a0b8b0868f3718aec5b47" "fetch" "--locked" "--manifest-path" "Cargo.toml", kill_on_drop: false }`
[INFO] [stderr]  Downloading crates ...
[INFO] [stderr]   Downloaded memstream v0.0.1
[INFO] [stderr]   Downloaded rustache v0.0.1
[INFO] running `Command { std: "docker" "create" "-v" "/var/lib/crater-agent-workspace/builds/worker-9/target:/opt/rustwide/target:rw,Z" "-v" "/var/lib/crater-agent-workspace/builds/worker-9/source:/opt/rustwide/workdir:ro,Z" "-v" "/var/lib/crater-agent-workspace/cargo-home:/opt/rustwide/cargo-home:ro,Z" "-v" "/var/lib/crater-agent-workspace/rustup-home:/opt/rustwide/rustup-home:ro,Z" "-e" "SOURCE_DIR=/opt/rustwide/workdir" "-e" "CARGO_TARGET_DIR=/opt/rustwide/target" "-e" "CARGO_HOME=/opt/rustwide/cargo-home" "-e" "RUSTUP_HOME=/opt/rustwide/rustup-home" "-w" "/opt/rustwide/workdir" "-m" "1610612736" "--user" "0:0" "--network" "none" "rustops/crates-build-env@sha256:d92eaeed33fa75130ca1ee6c8a01d1ffb62bac859dfdfb3450e3e5d1c0146529" "/opt/rustwide/cargo-home/bin/cargo" "+72f88fc4e9458f89516a0b8b0868f3718aec5b47" "metadata" "--no-deps" "--format-version=1", kill_on_drop: false }`
[INFO] [stderr] WARNING: Your kernel does not support swap limit capabilities or the cgroup is not mounted. Memory limited without swap.
[INFO] [stdout] 309d446376f8ee9bc9b16e18e59493945241f46eab0c68ecb8a6bc0e30e11ae6
[INFO] running `Command { std: "docker" "start" "-a" "309d446376f8ee9bc9b16e18e59493945241f46eab0c68ecb8a6bc0e30e11ae6", kill_on_drop: false }`
[INFO] running `Command { std: "docker" "inspect" "309d446376f8ee9bc9b16e18e59493945241f46eab0c68ecb8a6bc0e30e11ae6", kill_on_drop: false }`
[INFO] running `Command { std: "docker" "rm" "-f" "309d446376f8ee9bc9b16e18e59493945241f46eab0c68ecb8a6bc0e30e11ae6", kill_on_drop: false }`
[INFO] [stdout] 309d446376f8ee9bc9b16e18e59493945241f46eab0c68ecb8a6bc0e30e11ae6
[INFO] running `Command { std: "docker" "create" "-v" "/var/lib/crater-agent-workspace/builds/worker-9/target:/opt/rustwide/target:rw,Z" "-v" "/var/lib/crater-agent-workspace/builds/worker-9/source:/opt/rustwide/workdir:ro,Z" "-v" "/var/lib/crater-agent-workspace/cargo-home:/opt/rustwide/cargo-home:ro,Z" "-v" "/var/lib/crater-agent-workspace/rustup-home:/opt/rustwide/rustup-home:ro,Z" "-e" "SOURCE_DIR=/opt/rustwide/workdir" "-e" "CARGO_TARGET_DIR=/opt/rustwide/target" "-e" "CARGO_INCREMENTAL=0" "-e" "RUST_BACKTRACE=full" "-e" "RUSTFLAGS=--cap-lints=forbid" "-e" "CARGO_HOME=/opt/rustwide/cargo-home" "-e" "RUSTUP_HOME=/opt/rustwide/rustup-home" "-w" "/opt/rustwide/workdir" "-m" "1610612736" "--user" "0:0" "--network" "none" "rustops/crates-build-env@sha256:d92eaeed33fa75130ca1ee6c8a01d1ffb62bac859dfdfb3450e3e5d1c0146529" "/opt/rustwide/cargo-home/bin/cargo" "+72f88fc4e9458f89516a0b8b0868f3718aec5b47" "check" "--frozen" "--all" "--all-targets" "--message-format=json", kill_on_drop: false }`
[INFO] [stdout] 889823389bfb0fe7a279a0da076843a57087a0336a34518b62164a3664fb7e1d
[INFO] [stderr] WARNING: Your kernel does not support swap limit capabilities or the cgroup is not mounted. Memory limited without swap.
[INFO] running `Command { std: "docker" "start" "-a" "889823389bfb0fe7a279a0da076843a57087a0336a34518b62164a3664fb7e1d", kill_on_drop: false }`
[INFO] [stderr]    Compiling memchr v2.3.3
[INFO] [stderr]     Checking regex-syntax v0.6.18
[INFO] [stderr]     Checking rustc-serialize v0.3.24
[INFO] [stderr]     Checking memstream v0.0.1
[INFO] [stderr]     Checking glob v0.2.11
[INFO] [stderr]     Checking thread_local v1.0.1
[INFO] [stderr]     Checking aho-corasick v0.7.13
[INFO] [stderr]     Checking regex v1.3.9
[INFO] [stderr]     Checking rustache v0.0.1
[INFO] [stdout] error[E0573]: expected type, found variant `String`
[INFO] [stdout]   --> /opt/rustwide/cargo-home/registry/src/github.com-1ecc6299db9ec823/rustache-0.0.1/src/rustache.rs:70:28
[INFO] [stdout]    |
[INFO] [stdout] 70 | impl Render<MemStream> for String {
[INFO] [stdout]    |                            ^^^^^^ not a type
[INFO] [stdout]    |
[INFO] [stdout] help: consider importing this struct instead
[INFO] [stdout]    |
[INFO] [stdout] 3  | use std::string::String;
[INFO] [stdout]    |
[INFO] [stdout] 
[INFO] [stdout] 
[INFO] [stdout] error[E0573]: expected type, found variant `String`
[INFO] [stdout]    --> /opt/rustwide/cargo-home/registry/src/github.com-1ecc6299db9ec823/rustache-0.0.1/src/rustache.rs:208:41
[INFO] [stdout]     |
[INFO] [stdout] 208 | pub fn read_file(path: &Path) -> Result<String, String> {
[INFO] [stdout]     |                                         ^^^^^^ not a type
[INFO] [stdout]     |
[INFO] [stdout] help: consider importing this struct instead
[INFO] [stdout]     |
[INFO] [stdout] 3   | use std::string::String;
[INFO] [stdout]     |
[INFO] [stdout] 
[INFO] [stdout] 
[INFO] [stdout] error[E0573]: expected type, found variant `String`
[INFO] [stdout]    --> /opt/rustwide/cargo-home/registry/src/github.com-1ecc6299db9ec823/rustache-0.0.1/src/rustache.rs:208:49
[INFO] [stdout]     |
[INFO] [stdout] 208 | pub fn read_file(path: &Path) -> Result<String, String> {
[INFO] [stdout]     |                                                 ^^^^^^ not a type
[INFO] [stdout]     |
[INFO] [stdout] help: consider importing this struct instead
[INFO] [stdout]     |
[INFO] [stdout] 3   | use std::string::String;
[INFO] [stdout]     |
[INFO] [stdout] 
[INFO] [stdout] 
[INFO] [stdout] error[E0573]: expected type, found variant `String`
[INFO] [stdout]    --> /opt/rustwide/cargo-home/registry/src/github.com-1ecc6299db9ec823/rustache-0.0.1/src/rustache.rs:210:24
[INFO] [stdout]     |
[INFO] [stdout] 210 |     let mut rv: Result<String, String>; //Err(format!("read file failed: {}", display));
[INFO] [stdout]     |                        ^^^^^^ not a type
[INFO] [stdout]     |
[INFO] [stdout] help: consider importing this struct instead
[INFO] [stdout]     |
[INFO] [stdout] 3   | use std::string::String;
[INFO] [stdout]     |
[INFO] [stdout] 
[INFO] [stdout] 
[INFO] [stdout] error[E0573]: expected type, found variant `String`
[INFO] [stdout]    --> /opt/rustwide/cargo-home/registry/src/github.com-1ecc6299db9ec823/rustache-0.0.1/src/rustache.rs:210:32
[INFO] [stdout]     |
[INFO] [stdout] 210 |     let mut rv: Result<String, String>; //Err(format!("read file failed: {}", display));
[INFO] [stdout]     |                                ^^^^^^ not a type
[INFO] [stdout]     |
[INFO] [stdout] help: consider importing this struct instead
[INFO] [stdout]     |
[INFO] [stdout] 3   | use std::string::String;
[INFO] [stdout]     |
[INFO] [stdout] 
[INFO] [stdout] 
[INFO] [stdout] error[E0433]: failed to resolve: `String` is a variant, not a module
[INFO] [stdout]    --> /opt/rustwide/cargo-home/registry/src/github.com-1ecc6299db9ec823/rustache-0.0.1/src/rustache.rs:218:20
[INFO] [stdout]     |
[INFO] [stdout] 218 |     let mut text = String::new();
[INFO] [stdout]     |                    ^^^^^^ not found in this scope
[INFO] [stdout]     |
[INFO] [stdout] help: consider importing this struct
[INFO] [stdout]     |
[INFO] [stdout] 3   | use std::string::String;
[INFO] [stdout]     |
[INFO] [stdout] 
[INFO] [stdout] 
[INFO] [stdout] error[E0599]: no method named `at` found for struct `regex::Captures<'_>` in the current scope
[INFO] [stdout]   --> /opt/rustwide/cargo-home/registry/src/github.com-1ecc6299db9ec823/rustache-0.0.1/src/compiler.rs:40:34
[INFO] [stdout]    |
[INFO] [stdout] 40 |         let preceding_text = cap.at(1).unwrap_or("");
[INFO] [stdout]    |                                  ^^ method not found in `regex::Captures<'_>`
[INFO] [stdout] 
[INFO] [stdout] 
[INFO] [stdout] error[E0599]: no method named `at` found for struct `regex::Captures<'_>` in the current scope
[INFO] [stdout]   --> /opt/rustwide/cargo-home/registry/src/github.com-1ecc6299db9ec823/rustache-0.0.1/src/compiler.rs:41:40
[INFO] [stdout]    |
[INFO] [stdout] 41 |         let preceding_whitespace = cap.at(2).unwrap_or("");
[INFO] [stdout]    |                                        ^^ method not found in `regex::Captures<'_>`
[INFO] [stdout] 
[INFO] [stdout] 
[INFO] [stdout] error[E0599]: no method named `at` found for struct `regex::Captures<'_>` in the current scope
[INFO] [stdout]   --> /opt/rustwide/cargo-home/registry/src/github.com-1ecc6299db9ec823/rustache-0.0.1/src/compiler.rs:42:25
[INFO] [stdout]    |
[INFO] [stdout] 42 |         let outer = cap.at(3).unwrap_or("");
[INFO] [stdout]    |                         ^^ method not found in `regex::Captures<'_>`
[INFO] [stdout] 
[INFO] [stdout] 
[INFO] [stdout] error[E0599]: no method named `at` found for struct `regex::Captures<'_>` in the current scope
[INFO] [stdout]   --> /opt/rustwide/cargo-home/registry/src/github.com-1ecc6299db9ec823/rustache-0.0.1/src/compiler.rs:43:25
[INFO] [stdout]    |
[INFO] [stdout] 43 |         let inner = cap.at(4).unwrap_or("");
[INFO] [stdout]    |                         ^^ method not found in `regex::Captures<'_>`
[INFO] [stdout] 
[INFO] [stdout] 
[INFO] [stdout] error[E0599]: no method named `at` found for struct `regex::Captures<'_>` in the current scope
[INFO] [stdout]   --> /opt/rustwide/cargo-home/registry/src/github.com-1ecc6299db9ec823/rustache-0.0.1/src/compiler.rs:44:39
[INFO] [stdout]    |
[INFO] [stdout] 44 |         let trailing_whitespace = cap.at(5).unwrap_or("");
[INFO] [stdout]    |                                       ^^ method not found in `regex::Captures<'_>`
[INFO] [stdout] 
[INFO] [stdout] 
[INFO] [stdout] error[E0599]: no method named `pos` found for struct `regex::Captures<'_>` in the current scope
[INFO] [stdout]   --> /opt/rustwide/cargo-home/registry/src/github.com-1ecc6299db9ec823/rustache-0.0.1/src/compiler.rs:47:26
[INFO] [stdout]    |
[INFO] [stdout] 47 |         let (_, c) = cap.pos(0).unwrap();
[INFO] [stdout]    |                          ^^^ method not found in `regex::Captures<'_>`
[INFO] [stdout] 
[INFO] [stdout] 
[INFO] [stdout] error: aborting due to 12 previous errors
[INFO] [stdout] 
[INFO] [stdout] 
[INFO] [stdout] Some errors have detailed explanations: E0433, E0573, E0599.
[INFO] [stdout] 
[INFO] [stdout] For more information about an error, try `rustc --explain E0433`.
[INFO] [stdout] 
[INFO] [stderr] error: could not compile `rustache`.
[INFO] [stderr] 
[INFO] [stderr] To learn more, run the command again with --verbose.
[INFO] running `Command { std: "docker" "inspect" "889823389bfb0fe7a279a0da076843a57087a0336a34518b62164a3664fb7e1d", kill_on_drop: false }`
[INFO] running `Command { std: "docker" "rm" "-f" "889823389bfb0fe7a279a0da076843a57087a0336a34518b62164a3664fb7e1d", kill_on_drop: false }`
[INFO] [stdout] 889823389bfb0fe7a279a0da076843a57087a0336a34518b62164a3664fb7e1d
